 + 15. Let m = -19 + b. Let x = m + 14. Is x a composite number?
False
Let l(j) = 10506*j - 119. Is l(3) composite?
True
Let r = -1276 - -5905. Is r prime?
False
Suppose 2 = l, -5*c + 2*l + 28103 = -26968. Is c composite?
True
Suppose -q - 3*x + 13 = 0, 2*q + 5*x = -q + 27. Suppose 4*i + 4*k = 2884, -4*i + q*k + 3587 = i. Is i prime?
True
Let y = 295 - 797. Is (8 - 10)/(4/y) a prime number?
True
Suppose 3*x + 2037 = -2*b, -201 - 2515 = 4*x + 3*b. Let d = 1612 + x. Suppose 63*j + d = 66*j. Is j composite?
False
Suppose -28*r = -33*r + 25. Let w be 1/3 + (-5)/(-3). Suppose -r*p - w*t = 2*t - 1259, 0 = -4*p + 4*t + 1000. Is p a prime number?
True
Suppose 6*q + v = 3*q + 5010, 3340 = 2*q + 2*v. Let g = 2423 - q. Is g a prime number?
False
Let x(p) = 3*p**2 + 5*p - 51. Let v(f) = -3*f - 11. Let n be v(3). Is x(n) a composite number?
False
Let u(i) = 1315*i + 9. Is u(6) composite?
True
Suppose 3*f - 5*u = 19, f + 4*u = -3 - 2. Let x be 2/f - (-4467)/9. Suppose 2*p = p + x. Is p prime?
False
Let n be -1*3 + (13 - 7). Suppose 0*a - 2*a - 10 = -5*w, 0 = -w - n*a + 19. Is 1419/2 - 2/w composite?
False
Let v(k) = 5*k**2 + 7*k + 231. Let g(q) = 9*q**2 + 13*q + 463. Let z(y) = 6*g(y) - 11*v(y). Is z(0) prime?
False
Suppose -131812 = -11*w + 36037. Is w prime?
True
Let f(o) = 422*o**2 + 27*o + 70. Is f(-9) a composite number?
True
Let k(h) = -2*h**2 - 3 - 3*h - 2*h**2 + 6*h**2 + 2*h. Let f be k(4). Suppose 0 = 2*v + 3*v + 4*m - 1035, 0 = -5*m + f. Is v composite?
True
Suppose -3*v + 13 = 73. Let c = v - -22. Suppose c*s + 3*s - 2585 = 0. Is s a prime number?
False
Let o(w) = -35*w + 12. Let p be 288/30 - 9/15. Suppose b = -p + 4. Is o(b) a composite number?
True
Let t(f) = f**3 + 22*f**2 + 21*f + 7. Let n be t(-20). Suppose 0*r + 3*r - d = 241, 5*r = -2*d + n. Is r composite?
False
Let q(w) = -3 - 13*w + 2 + 6*w - 7*w. Let m(t) = t - 8. Let p be m(0). Is q(p) prime?
False
Let s = -10079 - -17182. Is s prime?
True
Let w(j) be the second derivative of -j**5/4 + j**4/12 - j**3/6 - j**2 + 13*j. Is w(-3) a prime number?
False
Let n(h) be the third derivative of 56*h**6/45 - h**5/120 - 7*h**4/24 + 3*h**2. Let y(s) be the second derivative of n(s). Is y(1) composite?
True
Let r(k) = -14*k - 21. Let s(q) = -41*q - 62. Let y(h) = -7*r(h) + 2*s(h). Is y(4) composite?
True
Suppose -3*m - 3*i + 15 = -5*i, 2*i = -2*m + 10. Suppose m*w = w + 1364. Is w a composite number?
True
Suppose 2*m + 359 = 3*m. Is m a composite number?
False
Suppose 5*g = -2*y + 5031, -3*y - g = 3740 - 11293. Is y a prime number?
False
Let c(b) = -272 + 2*b**2 - 26*b**3 + 2*b + 277 - 3*b**2. Is c(-2) a composite number?
True
Suppose 2*i - 6*i = 2*j - 8, -5*j = 3*i - 20. Suppose i + 8 = 2*f. Is 2/f*7*22 a prime number?
False
Let d be 3*4/12 + 5. Let c be 1268 - (d + -4)*-1. Suppose 0*u - c = -5*u. Is u composite?
True
Suppose -3145 = 8*f - 3*f. Let r = f + 946. Is r a composite number?
False
Let a = -29 - -41. Let b(q) = 13 - 22 + 5*q - 3*q**3 + a*q**2 + 2*q**3. Is b(12) composite?
True
Let b = 13115 - 6382. Is b composite?
False
Suppose 4*r - 3426 = -3*i - 1299, 5*i = 5*r - 2685. Let m = -970 + 1406. Suppose 5*v = r + m. Is v prime?
False
Suppose -4*u - 20 = 0, 15637 = y + u + 5987. Is y prime?
False
Let f = 366610 - 253283. Is f prime?
True
Let i(j) = j**3 + 14*j**2 - j - 6. Let k be i(-6). Let y = 122 - -39. Let d = k - y. Is d a prime number?
True
Let o(b) = -111*b + 26. Let n = 55 + -63. Is o(n) a prime number?
False
Let s = -1 - -4. Suppose 600 = 6*i - s*i. Suppose -4*a + i = -28. Is a a prime number?
False
Let z be (-2)/(-3) - 13/(-3). Let n = -3 + z. Suppose n*r - 1690 = 3*m, 4*r - 2497 = r - 5*m. Is r prime?
True
Suppose -8754 = -2*r + 4*f, 3*f + 6079 + 2670 = 2*r. Is r prime?
False
Let k(w) = 8*w**2 + 1 - 2*w**3 + 5*w + 4*w**3 - 15*w**3. Suppose 9*s + 25 = 4*s. Is k(s) prime?
True
Suppose 14323 - 4656 = w. Is w prime?
False
Let k(f) = 39*f - 9. Let d be k(12). Suppose -245 - d = -2*q. Suppose -q = 4*u - 1356. Is u prime?
True
Let r(s) = -5*s**3 - 4*s**2 + 2*s. Let q be r(3). Let b be (9/5)/((-3)/q). Let h = b - 44. Is h a prime number?
False
Is (-54)/324 + 17654/12 prime?
True
Let o(t) = 2412*t - 5. Is o(2) composite?
True
Let h = 3305 - 1887. Is h a prime number?
False
Suppose -4*v + 0*v + 2*o + 14 = 0, 4*o + 12 = 0. Suppose 4*i = 4*z + 1368, v*z - 705 = -2*i - 3*z. Suppose -5*h + 310 = -i. Is h a composite number?
False
Let s(u) = -u**2 + 16*u - 29. Let j be s(14). Is 491 + 0/(-3 - 4/j) composite?
False
Suppose -o + 5 = 0, 6*l + 27 = 5*l + 5*o. Let t = -8 + 5. Is t - 41/l*4 a composite number?
False
Suppose 8*b - 26005 = 6*b + a, -3*b = 4*a - 38991. Is b a composite number?
False
Let d be (3591/(-2))/3*-2. Suppose -v = z - 1170, 5*z - 4644 = 4*v + d. Is z prime?
False
Suppose 3*z - 33791 = 12619. Is 3/24 - z/(-16) composite?
False
Let a = 9 - 7. Is (-41 - a)*(-17)/1 composite?
True
Let q = 17 + -9. Let s be q - (2 + 1) - 0. Suppose l + 236 = s*l. Is l a prime number?
True
Suppose 15*u - 16*u + 479 = 0. Let r = u + 740. Is r prime?
False
Let o(i) = -278*i**3 + 3*i + 2. Is o(-1) prime?
True
Is 726/(-138)*-429 + 4/46 prime?
False
Let u(b) be the first derivative of -595*b**2/2 - b + 10. Let j be u(-2). Suppose 2*f + 299 = j. Is f a prime number?
False
Suppose 4*s + 5*h = 60175, -45139 = 9*s - 12*s + 4*h. Let m(t) = t**3 - 5*t**2 + 3*t - 5. Let p be m(5). Is p/(-35) - s/(-7) a prime number?
False
Let f = 64 + -124. Let t = f - -155. Is t composite?
True
Suppose -21 - 34 = 5*u - 5*t, -26 = 2*u - 3*t. Let r = u + -4. Let w = r + 21. Is w prime?
False
Let f(i) = -6*i**2 - 8. Let y be f(8). Let u = y - -550. Let r = u + 33. Is r a prime number?
True
Let b(u) = u + 13. Let v be b(-9). Is 3*v/(48/124) prime?
True
Suppose -39752 = -t - 5*d, 2*t = -2*d - 14122 + 93666. Is t composite?
True
Let j(s) be the second derivative of s**4/2 + s**3/6 + 41*s**2/2 + 38*s. Is j(-10) a composite number?
False
Let m be -4 - (-225 + 12/(-3)). Let i be (0 - m)/((-12)/36). Suppose -6*p = -i - 831. Is p prime?
True
Let i = 18570 + -9349. Is i composite?
False
Let a be -6*(3 - (-28)/(-8)). Suppose a*m + 5*n - 114 = 0, 2*n - 3 - 3 = 0. Suppose -m = -2*k + 9. Is k prime?
False
Let g be -5*1*472/(-20). Suppose -p = -47 + g. Is (1 - 0)*(-6 - p) a composite number?
True
Suppose 0 = x + 3*x + 16. Is (-332)/x + (-12)/3 composite?
False
Let h = -19 + 7. Let x = -11 + 7. Is x/h + 1216/6 composite?
True
Let o = -34 + 263. Let p = o + -118. Is p composite?
True
Suppose -3*i - 2*o + 5 = 0, -i - 4*o = -0*i + 5. Suppose -4*z + i*m = -1330, -8 = -0*m + 4*m. Is z composite?
False
Let s = 2346 + -3291. Let i = -566 - s. Is i a composite number?
False
Let k = -15 + 11. Let c(a) = a**2 - a + 1. Is c(k) prime?
False
Let g = -333 + 468. Let x = g + 608. Is x composite?
False
Suppose 167 - 997 = -5*y. Suppose k + y = 3*k. Suppose 0 = -i + u + 292, k = -3*i + u + 961. Is i a composite number?
False
Let p be (-7 - -8) + 1/(1/(-1)). Suppose 0 = -p*t + 8*t - 2120. Is t prime?
False
Let l be (5 - 5052/8)/((-2)/(-4)). Let g = -3521 - -5695. Let n = l + g. Is n a prime number?
False
Let y be ((-116)/(-12))/(1/(-9)). Let u = -146 - y. Let v = -40 - u. Is v a prime number?
True
Suppose 158*g - 147*g - 782309 = 0. Is g a composite number?
False
Let f(z) = 33*z + 17747. Is f(0) composite?
False
Suppose -243 = 5*v + 87. Let r = v + 181. Is r composite?
True
Let u be ((-4)/6)/((-4)/(-828)). Let b = u + 477. Is b a prime number?
False
Suppose -15*a + 19*a - 168 = 0. Is (-1108)/(-6) + (a/(-18))/(-7) a prime number?
False
Let h = 143948 + -93367. Is h a prime number?
True
Let h = 5945 + -3112. Is h prime?
True
Suppose 0 = -0*f - 3*f. Suppose 2*c + 4*p = -3*c + 5260, -3*c + 3159 = 3*p. Suppose -4*i = 4*l - c, i - 2*i + l + 268 = f. Is i composite?
True
Let c(l) be the first derivative of 62*l**3/3 - l + 18. Is c(3) a prime number?
True
Let v(k) = -190*k + 6. Let o(a) = -189*a + 6. Let w(q) = 5*o(q) - 4*v(q). Is w(-1) composite?
False
Let k be -128 - (-3 + 1 + -2). Let x = 135 - k. Is x prime?
False
Suppose 0*p + 5*p = 6995. Is -5 + -1 + 6 + p a composite number?
False
Let w be (-14 - 29)/(2/(-14)). Suppose 3*z - w - 404 = 0. Is z a composite number?
True
Let a(n) = -22*n - 17. Let t be a(-10). Is t + 4/(1 + (-1)/(-1)) a prime number?
False
Let s be (